f m?
7
Let l be (268/6)/(14/(-105)*-5). Suppose 15*h = l*h - 39676. What is the tens digit of h?
6
Suppose -x - 13*x = -23016. Suppose -o + 2*u = o - 828, -4*o + u = -x. What is the tens digit of o?
1
Let g = 6378 + -2692. What is the thousands digit of g?
3
Let h = -643 - -1050. Let p = -267 + h. What is the hundreds digit of p?
1
Let a(o) = 2320*o + 10476. What is the units digit of a(13)?
6
Let t(d) be the first derivative of -133*d**2 - 21*d - 69. What is the hundreds digit of t(-2)?
5
Let w(d) = -25*d + 3. Let i be w(1). Let o be 6/(-33) - 1764/i. Let j = 209 - o. What is the units digit of j?
9
Let s(i) = 22*i - 38. Let q be s(-7). Let z = -564 - q. What is the tens digit of (z/10)/((-6)/(-15)*-1)?
9
Let g be (-130)/13*(-2 + 1 - 11). Let n = 188 + g. What is the hundreds digit of n?
3
Let i(g) = -g**3 + g - 1. Let a(k) = -5*k**3 - 24*k**2 - 47*k - 9. Let h(x) = a(x) - 4*i(x). What is the tens digit of h(-22)?
4
Let s = 61368 - 36770. What is the hundreds digit of s?
5
Let u = 263 - 261. Suppose -5*r - m + 1266 = -786, 0 = 5*r - u*m - 2046. What is the tens digit of r?
1
Let i(j) = -51*j**2 + 2*j - 2. Let c be 3/6 + (-2)/(-4). Let n be i(c). Let v = 155 + n. What is the units digit of v?
4
Suppose 2*g = 5*w - 5524, 4418 = 4*w - g - g. Suppose 0*s + 7*s = w. What is the hundreds digit of s?
1
Suppose -33 = 5*j - 4*j + 2*i, -3*j - i - 89 = 0. Let p = -27 - j. Suppose -2*t + 5*h = -219, 15 = -3*h - p*h. What is the hundreds digit of t?
1
Suppose -2*k = -n - 8643, 15*k - 2*n - 12962 = 12*k. What is the units digit of k?
4
Let d be ((-3)/(48/4220))/(1/(-8)). Suppose -23*w + 22*w = -d. Suppose 0 = 12*l - 5326 + w. What is the tens digit of l?
6
Suppose -1 = -l, 8*u - 7*u + 5*l - 13 = 0. Let f(n) = n**3 - 9*n**2 + 6*n + 16. Let x be f(u). Suppose x = 6*i - 114 - 252. What is the tens digit of i?
6
What is the hundreds digit of -22 + 6286 - ((-26)/8 + 7/28)?
2
Suppose s = -8*s. Suppose s = 9*j + 314 - 1232. What is the units digit of j?
2
Suppose -114*s + 125*s = 44. What is the hundreds digit of -3 + ((-1)/s)/((-8)/8672)?
2
Let o be -18 + 19 + (-2 - 1). Let s(c) = 15*c**2 + 2*c + 1. Let y be s(o). Let n = 64 - y. What is the units digit of n?
7
Suppose 3*p - 2*k - 3*k = 87, -2*p + 51 = -k. Let t be ((-12)/p)/((-1)/2). Let i(n) = 206*n**3 - n**2 + 5*n - 4. What is the tens digit of i(t)?
0
Suppose -99 = 3*l - 5*z - 920, -5*z - 1103 = -4*l. Suppose c + l = -2*c. Let w = 72 - c. What is the hundreds digit of w?
1
Let i be (80/12)/(2/75). Suppose 0 = 3*c + 99 - 99. Suppose c*w - i = -5*w. What is the units digit of w?
0
Let h = -159 - -85. Let o = -70 - h. Suppose o*i = 2*p + 108, 2*i - 4*p - 129 = -3*i. What is the units digit of i?
9
What is the hundreds digit of 8996 - ((-35)/7 + 8)?
9
What is the hundreds digit of -1*(6/(-10) + (-769148)/170)?
5
Let i(t) = 98*t**2 - 10*t - 37. What is the hundreds digit of i(-8)?
3
Suppose 115*w + 4542 = 121*w. Suppose 4*k = -2*z + w + 989, -5*z + 4323 = -4*k. What is the units digit of z?
7
Let j(v) = -15*v - 56. Let n be j(-4). What is the tens digit of n/42 - 50514/(-126)?
0
Suppose 24*g + 4 = 25*g. Suppose -3*o - 588 - 243 = 3*j, j - g*o + 277 = 0. Let a = -168 - j. What is the units digit of a?
9
Suppose 30 = 3*h - 171. Suppose -207 = -5*t - 182. Suppose -652 + h = -t*p. What is the hundreds digit of p?
1
Let g(f) = 6*f + 13. Let i be 3/(-18)*-141*(2 - 0). Let n = i - 41. What is the units digit of g(n)?
9
What is the thousands digit of (-157119)/(-18) + 13 + 847/(-66)?
8
Let v be (8/12)/((-12)/(-90)). Suppose v*o + 40*r - 3539 = 41*r, 2*o - 1419 = -3*r. What is the hundreds digit of o?
7
What is the thousands digit of 9 + (7426 - 48/4)?
7
Let u(t) = t**2 + 4*t - 2. Let a be u(-5). Suppose -5*m + a*m = -1742. Suppose -3*k - 298 = -m. What is the tens digit of k?
9
Let d = -50 - -54. Suppose -6*p = -d*p - 34. Let q = p - 8. What is the units digit of q?
9
Let z(l) = l**3 + 20*l**2 - 15*l - 111. Suppose -5*h = 2*x + 84, 0 = -5*h - 2*x + 3*x - 78. What is the hundreds digit of z(h)?
1
Let t = -90256 + 128823. What is the thousands digit of t?
8
Let v = 8318 - -22030. What is the tens digit of v?
4
Suppose -3*c - 118 = -5*y - 24, -4*y = 2*c - 84. Let k = 615 - 612. Suppose -199 = -k*q + y. What is the units digit of q?
3
Suppose 18*b - 5*l = 15*b + 71071, -4 = -l. What is the units digit of b?
7
Suppose 0 = -5*j - 4*f + 9340, -4*j + 8231 - 723 = -4*f. What is the units digit of j?
2
Suppose -43165 = -3*i + 5*j - 0*j, 5*i - 5*j - 71945 = 0. What is the ten thousands digit of i?
1
Let v(b) = 373*b + 810. What is the tens digit of v(46)?
6
What is the tens digit of ((-78)/(-130))/(10/263350)?
0
Suppose 3*v + 5*g + 20 = 2*v, 2*v + g = 5. Let c(b) = -56*b - 2*b**2 + 10 + 1 + v + 33*b. What is the tens digit of c(-11)?
2
Suppose 10*j + 37147 = 2*h + 7*j, 0 = -h - 3*j + 18587. What is the ten thousands digit of h?
1
Let q be ((-31 - -29) + (-2)/(-4))*-2. What is the tens digit of 96/64*(-1454)/(-3) + q?
3
Let i(t) = 623*t + 234. What is the units digit of i(11)?
7
Let p(x) = 19*x**2 - 45*x + 3. Let r be p(36). Suppose 0 = -41*g + r - 7468. What is the hundreds digit of g?
3
Let r(w) = -9*w - 175. Let q be r(-17). What is the hundreds digit of (-80)/440 - 14480/q?
6
Suppose 22*t + 28*t - 35*t = 464685. What is the hundreds digit of t?
9
Let s = 540 - 621. Let y = 198 - s. What is the hundreds digit of y?
2
Let c(i) = i**3 - 31*i**2 + 32*i + 47. Suppose 4*f - 128 = -4*l, 0 = -f - 2*f - 5*l + 100. What is the units digit of c(f)?
7
Let y = -1405 - -1999. Let h = 942 - y. What is the units digit of h?
8
Let y = 272 + -270. Suppose y*l = -3*p - 274 + 1158, -p + 2 = 0. What is the hundreds digit of l?
4
Let w(o) = 7*o**2 + 17*o - 15. Let z(n) = 7*n**2 + 19*n - 14. Let l(d) = 6*w(d) - 4*z(d). What is the hundreds digit of l(-10)?
1
Suppose -5*w + 3605 = 5*h, -5*w - 13*h + 11*h = -3593. Suppose -6*n + 11*n - 3*o = w, 2*n = 3*o + 285. What is the units digit of n?
4
Let i(x) = -2*x**2 - 17*x + 10. Let h be i(-8). Let w(b) = 33*b. What is the units digit of w(h)?
4
What is the units digit of 28/(-8) - (8 - (-94017)/(-14))?
4
Let k be -8 - 0 - (-3534 + 57). Suppose 0 = -4*x - 17*o + 19*o + 4602, 3*x + 2*o - k = 0. What is the tens digit of x?
5
Let r(w) = 136*w - 4. Let o(f) = 45*f - 1. Let g(i) = -11*o(i) + 4*r(i). Let h be g(2). Let k = h + -11. What is the tens digit of k?
8
Suppose 2*q - 8 = 0, 0 = 2*c - 4*q - 2777 - 15719. What is the hundreds digit of c?
2
Let o be 9/6*(-88)/6. Let s = o + 25. What is the units digit of s*19 + (-2)/1?
5
Suppose 40*d + 17*d = -12*d + 1997895. What is the ten thousands digit of d?
2
Suppose 21*s - 16*s - 25 = 0. Suppose s*d = 1819 - 254. What is the hundreds digit of d?
3
Let v = 939 + 474. Suppose -5*w = -3*x - 4181, -4*w + 2*x + 4757 = v. What is the tens digit of w?
3
Let k = 3170 + -1719. Suppose 1525 = 6*c - k. What is the hundreds digit of c?
4
Let h = 3676 - 1371. Let a = h + -1231. What is the hundreds digit of a?
0
Let n be 1545*(3/(-9))/(5/(-10)). Suppose -43*x + 22 = -41*x. Suppose j = x*j - n. What is the tens digit of j?
0
Suppose 0 = -8*v + 12*v - 1156. Suppose -4*d + 0*o - 431 = 3*o, 3*d = -3*o - 321. Let t = v + d. What is the hundreds digit of t?
1
Let n(u) = 35*u**2 - 102*u + 652. What is the units digit of n(-22)?
6
Suppose -40 = -8*c - 8. Suppose -p = -c*p. Suppose -2*k - 4*l + 410 = p, 3*k - 361 = 4*l + 254. What is the hundreds digit of k?
2
Let c = 1654 + -917. Let x = c + -315. What is the hundreds digit of x?
4
Suppose -149*b + 4546782 + 258321 = -760196. What is the hundreds digit of b?
3
Let b = -198 + 194. What is the tens digit of 295 + -6*b/30*-5?
9
Let d(f) = 7*f - 178. Let k be d(23). Let q(j) = 2*j**2 + 27*j + 62. What is the tens digit of q(k)?
8
Suppose 0 = 2*o + d + 7, 4*o - 2*d = -1 - 17. Let g be (o/(-3))/(-2)*(-195)/2. Let k = g - 52. What is the units digit of k?
3
Let k(g) = 6*g**2 - 6*g - 35. Let v be k(13). Suppose 16*p = 4*u + 20*p - 704, 2*p = 5*u - v. What is the tens digit of u?
7
Let o(n) = 110*n**3 + 4*n**2 - 32*n - 5. What is the thousands digit of o(5)?
3
Let t(i) = -13*i**3 + 25*i**2 + 301*i - 40. What is the hundreds digit of t(-13)?
8
Let x(d) be the third derivative of -5*d**4/12 - 9*d**3/2 - d**2 + 28. Let i be x(-2). Let t(a) = -a